multiple of 30?
True
Is 649 a factor of 497134?
True
Does 272 divide 584222?
False
Is 890100 a multiple of 4?
True
Is 14 a factor of 32410?
True
Is 266039 a multiple of 264?
False
Is 780316 a multiple of 132?
False
Is 6 a factor of 1942704?
True
Is 220 a factor of 48423?
False
Does 157 divide 809308?
False
Is 14227410 a multiple of 269?
True
Is 11 a factor of 13711753?
True
Is 55532 a multiple of 44?
False
Does 17 divide 3656530?
True
Is 37 a factor of 1731637?
True
Does 23 divide 1489473?
False
Is 747 a factor of 4166384?
False
Is 26 a factor of 1028060?
False
Is 699942 a multiple of 192?
False
Is 73927 a multiple of 39?
False
Does 279 divide 149823?
True
Is 16 a factor of 6066896?
True
Is 36 a factor of 1469520?
True
Is 313509 a multiple of 21?
True
Does 132 divide 597564?
True
Is 25 a factor of 122994?
False
Is 11 a factor of 93522?
True
Is 11 a factor of 24035?
True
Is 55 a factor of 23155?
True
Does 342 divide 1330681?
False
Is 69443 a multiple of 107?
True
Does 376 divide 69936?
True
Is 83 a factor of 582577?
True
Is 26 a factor of 73086?
True
Does 30 divide 6575?
False
Does 106 divide 4042375?
False
Is 417 a factor of 2004102?
True
Is 558980 a multiple of 76?
True
Does 21 divide 124026?
True
Is 4978228 a multiple of 1178?
True
Is 1093095 a multiple of 800?
False
Is 12 a factor of 15374862?
False
Is 163 a factor of 13397398?
False
Is 60894 a multiple of 31?
False
Is 6454728 a multiple of 1134?
True
Does 114 divide 112120?
False
Is 156 a factor of 171023?
False
Is 76 a factor of 2653194?
False
Is 35 a factor of 2327955?
True
Does 102 divide 1318350?
True
Is 2832701 a multiple of 278?
False
Is 229 a factor of 212641?
False
Is 1730960 a multiple of 44?
True
Is 7832437 a multiple of 33?
False
Is 548 a factor of 3165210?
False
Is 76 a factor of 69616?
True
Does 31 divide 126886?
False
Is 447063 a multiple of 144?
False
Is 669 a factor of 261021?
False
Does 22 divide 16665?
False
Does 589 divide 294500?
True
Is 34225 a multiple of 5?
True
Does 19 divide 2386095?
False
Does 63 divide 2206071?
True
Is 37 a factor of 155289?
True
Is 179 a factor of 363549?
True
Is 34 a factor of 405226?
False
Is 183 a factor of 707344?
False
Does 295 divide 3491620?
True
Is 10 a factor of 30700?
True
Is 62 a factor of 5110?
False
Is 91365 a multiple of 33?
False
Is 3 a factor of 215781?
True
Is 1289983 a multiple of 50?
False
Is 19922537 a multiple of 17?
False
Does 1043 divide 170167?
False
Is 6 a factor of 439949?
False
Is 365633 a multiple of 46?
False
Is 4886684 a multiple of 799?
True
Is 256676 a multiple of 178?
True
Is 269693 a multiple of 197?
True
Does 13 divide 631623?
False
Is 120915 a multiple of 150?
False
Is 394647 a multiple of 27?
False
Does 325 divide 88343?
False
Is 142785 a multiple of 95?
True
Does 1222 divide 13956549?
False
Is 2 a factor of 288648?
True
Is 4899884 a multiple of 772?
True
Is 479102 a multiple of 19?
False
Is 8 a factor of 2620851?
False
Does 20 divide 150239?
False
Does 65 divide 66326?
False
Is 210 a factor of 3015180?
True
Is 119210 a multiple of 26?
True
Is 635 a factor of 498357?
False
Is 47 a factor of 6533658?
True
Is 104 a factor of 6806?
False
Is 891960 a multiple of 20?
True
Does 1297 divide 732379?
False
Is 232 a factor of 773024?
True
Is 42 a factor of 9736818?
True
Is 2680518 a multiple of 12?
False
Is 3157396 a multiple of 22?
True
Is 241747 a multiple of 16?
False
Does 6 divide 126923?
False
Is 290 a factor of 1807748?
False
Does 589 divide 3935017?
False
Is 694657 a multiple of 99?
False
Does 345 divide 166437?
False
Is 28 a factor of 2106440?
True
Does 632 divide 442400?
True
Is 1810198 a multiple of 679?
False
Is 224140 a multiple of 206?
False
Is 86 a factor of 132599?
False
Does 402 divide 2343562?
False
Is 220125 a multiple of 181?
False
Does 14 divide 56194?
False
Does 12 divide 280220?
False
Does 9 divide 120699?
True
Is 203464 a multiple of 20?
False
Does 3 divide 218096?
False
Is 44 a factor of 2235425?
False
Is 69 a factor of 60624?
False
Is 286839 a multiple of 21?
True
Is 97233 a multiple of 13?
False
Is 271 a factor of 270970?
False
Is 3 a factor of 7519?
False
Does 45 divide 360540?
True
Does 5 divide 1521552?
False
Does 929 divide 3280299?
True
Is 1403741 a multiple of 35?
False
Is 37 a factor of 7064?
False
Is 1246576 a multiple of 136?
True
Is 7 a factor of 753661?
False
Is 350838 a multiple of 54?
True
Is 5 a factor of 44127?
False
Is 9828 a multiple of 14?
True
Is 3975044 a multiple of 1522?
False
Does 286 divide 743886?
True
Does 102 divide 37434?
True
Does 311 divide 109161?
True
Is 7549292 a multiple of 445?
False
Is 9 a factor of 6526639?
False
Is 14 a factor of 60382?
True
Does 7 divide 3030?
False
Is 248 a factor of 247008?
True
Does 16 divide 33123?
False
Does 57 divide 1414128?
False
Is 82628 a multiple of 14?
True
Is 345 a factor of 1095375?
True
Is 940 a factor of 1667264?
False
Does 10 divide 6702823?
False
Is 247649 a multiple of 21?
False
Is 113971 a multiple of 5?
False
Is 659397 a multiple of 138?
False
Does 561 divide 379797?
True
Is 968240 a multiple of 15?
False
Is 310365 a multiple of 135?
True
Does 74 divide 157176?
True
Is 5153746 a multiple of 27?
False
Is 12241537 a multiple of 158?
False
Does 798 divide 4175334?
False
Is 9 a factor of 565969?
False
Is 18 a factor of 315792?
True
Does 137 divide 2474529?
False
Is 14 a factor of 245881?
False
Does 179 divide 72316?
True
Is 20626 even?
True
Is 151 a factor of 64628?
True
Is 396237 a multiple of 326?
False
Does 318 divide 4543266?
True
Is 1127830 a multiple of 28?
False
Is 489 a factor of 4191576?
False
Is 1616464 a multiple of 60?
False
Is 15 a factor of 2617800?
True
Is 80 a factor of 935440?
True
Is 49 a factor of 31899?
True
Is 2 a factor of 1463678?
True
Is 19840 a multiple of 160?
True
Is 11373969 a multiple of 83?
False
Does 314 divide 81334?
False
Is 21 a factor of 267060?
False
Is 20 a factor of 81801?
False
Does 15 divide 27600?
True
Does 26 divide 239644?
False
Is 285855 a multiple of 17?
True
Is 171144 a multiple of 217?
False
Is 211792 a multiple of 434?
True
Does 76 divide 118118?
False
Is 189759 a multiple of 43?
True
Is 121905 a multiple of 21?
True
Is 488992 a multiple of 16?
True
Is 290784 a multiple of 96?
True
Is 29516 a multiple of 94?
True
Does 162 divide 157851?
False
Is 99 a factor of 186912?
True
Is 2523329 a multiple of 292?
False
Does 43 divide 86215?
True
Does 156 divide 3041740?
False
Is 17 a factor of 40698?
True
Is 89380 a multiple of 82?
True
Is 132513 a multiple of 579?
False
Is 5450472 a multiple of 51?
True
Does 27 divide 89740?
False
Is 94 a factor of 4299232?
False
Is 87859 a multiple of 137?
False
Is 457145 a multiple of 169?
True
Is 17443596 a multiple of 102?
False
Does 111 divide 92796?
True
Is 174 a factor of 4344084?
True
Does 359 divide 35093?
False
Is 9618 a multiple of 39?
False
Is 64 a factor of 56896?
True
Is 3945956 a multiple of 53?
True
Is 40 a factor of 42854?
False
Does 15 divide 104908?
False
Is 23 a factor of 378746?
False
Is 5387 a multiple of 54?
False
Is 132447 a multiple of 535?
False
Is 26 a factor of 181996?
False
Is 309 a factor of 1772525?
False
Is 79580 a multiple of 173?
True
Is 443552 a multiple of 8?
True
Is 1297456 a multiple of 22?
False
Is 49 a factor of 101528?
True
Is 179 a factor of 5655863?
True
Is 165 a factor of 5094820?
False
Does 1151 divide 1356047?
False
Does 195 divide 4907480?
False
Is 507840 a multiple of 80?
True
Does 22 divide 155062?
False
Is 1980300 a multiple of 410?
True
Is 11614 a multiple of 22?
False
Is 5 a factor of 140272?
False
Is 4134020 a multiple of 22?
True
Is 111 a factor of 41587?
False
Is 414 a factor of 341550?
True
Is 170 a factor of 323340?
True
Does 141 divide 814790?
False
Is 86 a factor of 376967?
False
Is 1825192 a multiple of 674?
True
Is 4 a factor of 3650?
False
Does 12 divide 86064?
True
Is 8 a factor of 599493?
False
Is 4260696 a multiple of 98?
False
Is 5338265 a multiple of 5?
True
Is 162 a factor of 20791655?
False
Is 1261993 a multiple of 213?
False
Is 5 a factor of 281820?
True
Is 1268 a multiple of 3?
False
Is 278706 a multiple of 13?
False
Does 56 divide 26882?
False
Does 241 divide 367773?
False
Does 444 divide 326784?
True
Is 133298 a multiple of 11?
True
Is 1239875 a multiple of 109?
True
Does 10